{"id":2,"date":"2021-05-21T09:28:30","date_gmt":"2021-05-21T07:28:30","guid":{"rendered":"http:\/\/katerina.jedlicka.live\/?page_id=2"},"modified":"2023-08-29T12:38:58","modified_gmt":"2023-08-29T10:38:58","slug":"videa","status":"publish","type":"page","link":"https:\/\/katerina.jedlicka.live\/index.php\/menu\/videa\/","title":{"rendered":"Animace"},"content":{"rendered":"\n<hr class=\"wp-block-separator has-css-opacity is-style-wide\"\/>\n\n\n\n<div class=\"wp-block-media-text alignwide is-stacked-on-mobile\"><figure class=\"wp-block-media-text__media\"><video controls src=\"https:\/\/katerina.jedlicka.live\/wp-content\/uploads\/2023\/08\/YouCut_20230225_235426799-1.mp4\"><\/video><\/figure><div class=\"wp-block-media-text__content\">\n<p class=\"has-large-font-size\">Cat<\/p>\n\n\n\n<p>Cat.<\/p>\n\n\n\n<ul>\n<li><em><strong>Hudba:<\/strong> Ramin Djawadi &#8211; The rains of Castamere<\/em><\/li>\n\n\n\n<li><em><strong>Anima\u010dn\u00ed program:<\/strong> Blender<\/em><\/li>\n\n\n\n<li><em><strong>Program pro st\u0159ih:<\/strong> YouCut<\/em><\/li>\n\n\n\n<li><em><strong>Anim\u00e1tor:<\/strong> Kate\u0159ina Jedli\u010dkov\u00e1<\/em><\/li>\n\n\n\n<li><em><strong>Datum:<\/strong> 17.4. 2021<\/em><\/li>\n<\/ul>\n<\/div><\/div>\n\n\n\n<hr class=\"wp-block-separator has-css-opacity is-style-wide\"\/>\n\n\n\n<div class=\"wp-block-media-text alignwide is-stacked-on-mobile\"><figure class=\"wp-block-media-text__media\"><video controls src=\"https:\/\/katerina.jedlicka.live\/wp-content\/uploads\/2023\/08\/0001-0340.mp4\"><\/video><\/figure><div class=\"wp-block-media-text__content\">\n<p class=\"has-large-font-size\">Rybi\u0161ka<\/p>\n\n\n\n<p>Nen\u00ed \u00faniku \ud83d\ude42<\/p>\n\n\n\n<ul>\n<li><em><strong>Anima\u010dn\u00ed program:<\/strong> Blender<\/em><\/li>\n\n\n\n<li><em><strong>Program pro st\u0159ih:<\/strong> YouCut<\/em><\/li>\n\n\n\n<li><em><strong>Anim\u00e1tor:<\/strong> Kate\u0159ina Jedli\u010dkov\u00e1<\/em><\/li>\n\n\n\n<li><em><strong>Datum:<\/strong> 17.4. 2023<\/em><\/li>\n<\/ul>\n<\/div><\/div>\n\n\n\n<div class=\"wp-block-group is-layout-constrained wp-block-group-is-layout-constrained\"><div class=\"wp-block-group__inner-container\">\n<hr class=\"wp-block-separator has-css-opacity is-style-wide\"\/>\n<\/div><\/div>\n\n\n\n<div class=\"wp-block-media-text alignwide is-stacked-on-mobile\"><figure class=\"wp-block-media-text__media\"><video controls src=\"https:\/\/katerina.jedlicka.live\/wp-content\/uploads\/2021\/12\/YouCut_20211230_222024661.mp4\"><\/video><\/figure><div class=\"wp-block-media-text__content\">\n<p class=\"has-large-font-size\">Water<\/p>\n\n\n\n<p>It\u00b4s waiting for us&#8230;<\/p>\n\n\n\n<ul>\n<li><em><strong>Hudba:<\/strong> Peer Gynt &#8211; In Tha Hall Of The Mountain King<\/em><\/li>\n\n\n\n<li><em><strong>Anima\u010dn\u00ed program:<\/strong> Blender<\/em><\/li>\n\n\n\n<li><em><strong>Program pro st\u0159ih:<\/strong> YouCut<\/em><\/li>\n\n\n\n<li><em><strong>Anim\u00e1tor:<\/strong> Kate\u0159ina Jedli\u010dkov\u00e1<\/em><\/li>\n\n\n\n<li><em><strong>Datum:<\/strong> 30.12. 2021<\/em><\/li>\n<\/ul>\n<\/div><\/div>\n\n\n\n<hr class=\"wp-block-separator has-css-opacity is-style-wide\"\/>\n\n\n\n<div class=\"wp-block-media-text alignwide is-stacked-on-mobile\"><figure class=\"wp-block-media-text__media\"><video controls src=\"https:\/\/katerina.jedlicka.live\/wp-content\/uploads\/2021\/05\/YouCut_20210507_122552667.mp4\"><\/video><\/figure><div class=\"wp-block-media-text__content\">\n<p class=\"has-large-font-size\">Hypot\u00e9ka<\/p>\n\n\n\n<p>Animovan\u00e9 video na po\u010dest splacen\u00ed hypot\u00e9ky, \u010di zabit\u00ed \u010dasu&#8230;nejsme si jisti.<\/p>\n\n\n\n<ul>\n<li><em><strong>Hudba:<\/strong> Georges Bizet -Carmen Instrumental<\/em><\/li>\n\n\n\n<li><em><strong>Anima\u010dn\u00ed program:<\/strong> Krita<\/em><\/li>\n\n\n\n<li><em><strong>Program pro st\u0159ih:<\/strong> YouCut<\/em><\/li>\n\n\n\n<li><em><strong>Anim\u00e1tor:<\/strong> Kate\u0159ina Jedli\u010dkov\u00e1<\/em><\/li>\n\n\n\n<li><em><strong>Datum:<\/strong><\/em> <em>7.5. 2021<\/em><\/li>\n<\/ul>\n<\/div><\/div>\n\n\n\n<hr class=\"wp-block-separator has-css-opacity is-style-wide\"\/>\n\n\n\n<div class=\"wp-block-media-text alignwide is-stacked-on-mobile\"><figure class=\"wp-block-media-text__media\"><video controls src=\"https:\/\/katerina.jedlicka.live\/wp-content\/uploads\/2021\/05\/YouCut_20210523_122801597.mp4\"><\/video><\/figure><div class=\"wp-block-media-text__content\">\n<p class=\"has-large-font-size\">How to make a friend?<\/p>\n\n\n\n<p>Nem\u00e1te p\u0159\u00e1tele? Nev\u00edte jak si z\u00edskat lidi? Jak nav\u00e1zat konverzaci? My taky ne! Nejste na to sami \ud83d\ude42<\/p>\n\n\n\n<ul>\n<li><em><strong>Hudba:<\/strong> <\/em>Kalinka &#8211; Ivan Larionov; O Fortuna Carmina Burana &#8211; Carl Orff<\/li>\n\n\n\n<li><em><strong>Anima\u010dn\u00ed program:<\/strong> Krita<\/em><\/li>\n\n\n\n<li><em><strong>Program pro st\u0159ih:<\/strong> YouCut<\/em><\/li>\n\n\n\n<li><em><strong>Anim\u00e1tor:<\/strong> Kate\u0159ina Jedli\u010dkov\u00e1<\/em><\/li>\n\n\n\n<li><em><strong>Datum:<\/strong><\/em> <em>?.?. 20<\/em>19\/20<\/li>\n<\/ul>\n<\/div><\/div>\n\n\n\n<hr class=\"wp-block-separator has-css-opacity is-style-wide\"\/>\n\n\n\n<div class=\"wp-block-media-text alignwide is-stacked-on-mobile\"><figure class=\"wp-block-media-text__media\"><video controls src=\"https:\/\/katerina.jedlicka.live\/wp-content\/uploads\/2021\/06\/YouCut_20210604_201921014.mp4\"><\/video><\/figure><div class=\"wp-block-media-text__content\">\n<p class=\"has-large-font-size\">Fairy Tales<\/p>\n\n\n\n<p>Good old classic.<\/p>\n\n\n\n<ul id=\"block-9997a90a-2611-457f-8f5f-d3f7270e594f\">\n<li><em><strong>Hudba:<\/strong> Georges Bizet -Carmen Instrumental<\/em><\/li>\n\n\n\n<li><em><strong>Anima\u010dn\u00ed program:<\/strong> Krita<\/em><\/li>\n\n\n\n<li><em><strong>Program pro st\u0159ih:<\/strong> YouCut<\/em><\/li>\n\n\n\n<li><em><strong>Anim\u00e1tor:<\/strong> Kate\u0159ina Jedli\u010dkov\u00e1<\/em><\/li>\n\n\n\n<li><em><strong>Datum:<\/strong><\/em> <em>30.5. 2021<\/em><\/li>\n<\/ul>\n<\/div><\/div>\n\n\n\n<hr class=\"wp-block-separator has-css-opacity is-style-wide\"\/>\n\n\n\n<div class=\"wp-block-media-text alignwide is-stacked-on-mobile\"><figure class=\"wp-block-media-text__media\"><video controls src=\"https:\/\/katerina.jedlicka.live\/wp-content\/uploads\/2021\/06\/YouCut_20210604_185301634.mp4\"><\/video><\/figure><div class=\"wp-block-media-text__content\">\n<p class=\"has-large-font-size\">Nature<\/p>\n\n\n\n<p>Do not go there.<\/p>\n\n\n\n<ul id=\"block-8c3b510d-e91a-4eb7-9f5f-80d8b6b878fc\">\n<li><em><strong>Hudba:<\/strong> Georges Bizet -Carmen Instrumental<\/em><\/li>\n\n\n\n<li><em><strong>Anima\u010dn\u00ed program:<\/strong> Krita<\/em><\/li>\n\n\n\n<li><em><strong>Program pro st\u0159ih:<\/strong> YouCut<\/em><\/li>\n\n\n\n<li><em><strong>Anim\u00e1tor:<\/strong> Kate\u0159ina Jedli\u010dkov\u00e1<\/em><\/li>\n\n\n\n<li><em><strong>Datum:<\/strong><\/em> <em>3.6. 2021<\/em><\/li>\n<\/ul>\n<\/div><\/div>\n\n\n\n<hr class=\"wp-block-separator has-css-opacity is-style-wide\"\/>\n\n\n\n<div class=\"wp-block-buttons is-layout-flex wp-block-buttons-is-layout-flex\">\n<div class=\"wp-block-button\"><a class=\"wp-block-button__link wp-element-button\" href=\"https:\/\/katerina.jedlicka.live\/\">Dom\u016f<\/a><\/div>\n\n\n\n<div class=\"wp-block-button\"><a class=\"wp-block-button__link wp-element-button\" href=\"https:\/\/katerina.jedlicka.live\/index.php\/prispevky-2\/\">P\u0159\u00edsp\u011bvky<\/a><\/div>\n<\/div>\n\n\n\n<h2 class=\"wp-block-heading\">Koment\u00e1\u0159e<\/h2>\n\n\n\n<p>L\u00edbila se V\u00e1m videa nebo byste m\u011bli n\u00e1vrhy na zlep\u0161en\u00ed? M\u016f\u017eete n\u00e1m d\u00e1t v\u011bd\u011bt v koment\u00e1\u0159\u00edch \ud83d\ude42<\/p>\n","protected":false},"excerpt":{"rendered":"<p>Koment\u00e1\u0159e L\u00edbila se V\u00e1m videa nebo byste m\u011bli n\u00e1vrhy na zlep\u0161en\u00ed? M\u016f\u017eete n\u00e1m d\u00e1t v\u011bd\u011bt v koment\u00e1\u0159\u00edch \ud83d\ude42<\/p>\n","protected":false},"author":1,"featured_media":0,"parent":9,"menu_order":1,"comment_status":"open","ping_status":"closed","template":"","meta":{"om_disable_all_campaigns":false,"_monsterinsights_skip_tracking":false,"_monsterinsights_sitenote_active":false,"_monsterinsights_sitenote_note":"","_monsterinsights_sitenote_category":0,"footnotes":""},"aioseo_notices":[],"_links":{"self":[{"href":"https:\/\/katerina.jedlicka.live\/index.php\/wp-json\/wp\/v2\/pages\/2"}],"collection":[{"href":"https:\/\/katerina.jedlicka.live\/index.php\/wp-json\/wp\/v2\/pages"}],"about":[{"href":"https:\/\/katerina.jedlicka.live\/index.php\/wp-json\/wp\/v2\/types\/page"}],"author":[{"embeddable":true,"href":"https:\/\/katerina.jedlicka.live\/index.php\/wp-json\/wp\/v2\/users\/1"}],"replies":[{"embeddable":true,"href":"https:\/\/katerina.jedlicka.live\/index.php\/wp-json\/wp\/v2\/comments?post=2"}],"version-history":[{"count":11,"href":"https:\/\/katerina.jedlicka.live\/index.php\/wp-json\/wp\/v2\/pages\/2\/revisions"}],"predecessor-version":[{"id":2667,"href":"https:\/\/katerina.jedlicka.live\/index.php\/wp-json\/wp\/v2\/pages\/2\/revisions\/2667"}],"up":[{"embeddable":true,"href":"https:\/\/katerina.jedlicka.live\/index.php\/wp-json\/wp\/v2\/pages\/9"}],"wp:attachment":[{"href":"https:\/\/katerina.jedlicka.live\/index.php\/wp-json\/wp\/v2\/media?parent=2"}],"curies":[{"name":"wp","href":"https:\/\/api.w.org\/{rel}","templated":true}]}}